rime factors of 432142096.
2, 1217, 22193
List the prime factors of 1145284755.
3, 5, 19, 4018543
List the prime factors of 58617105.
3, 5, 17, 457, 503
List the prime factors of 131289929.
17, 31, 249127
What are the prime factors of 716937811?
19, 1031, 36599
List the prime factors of 14110542.
2, 3, 37, 21187
List the prime factors of 4973751024.
2, 3, 11, 29, 137, 2371
List the prime factors of 403487489.
59, 61, 112111
What are the prime factors of 171304041?
3, 2437, 23431
List the prime factors of 109728755.
5, 21945751
List the prime factors of 1595306996.
2, 17, 31, 53, 109, 131
What are the prime factors of 185297825?
5, 7411913
List the prime factors of 4088879080.
2, 5, 11, 13, 714839
List the prime factors of 73195700.
2, 5, 731957
List the prime factors of 25591859.
25591859
List the prime factors of 53198050.
2, 5, 1063961
List the prime factors of 503646598.
2, 7, 13, 53, 7459
List the prime factors of 895559793.
3, 10061, 29671
What are the prime factors of 950621098?
2, 7, 59, 1150873
What are the prime factors of 56043693?
3, 47, 132491
List the prime factors of 134258545.
5, 29, 925921
What are the prime factors of 41945866?
2, 20972933
List the prime factors of 2430488008.
2, 13, 59, 396103
List the prime factors of 1675681552.
2, 104730097
List the prime factors of 362606469.
3, 19, 6361517
What are the prime factors of 118566533?
6287, 18859
List the prime factors of 428245519.
13, 149, 221087
List the prime factors of 5419899.
3, 47, 4271
List the prime factors of 64171185.
3, 5, 13, 329083
List the prime factors of 60532709.
60532709
List the prime factors of 8920050722.
2, 11, 17, 23850403
What are the prime factors of 64216603?
11, 59, 98947
List the prime factors of 5992829897.
5992829897
What are the prime factors of 1367698397?
13, 105207569
What are the prime factors of 51344375?
5, 113, 727
What are the prime factors of 1964028654?
2, 3, 7, 29, 179167
List the prime factors of 10068467.
10068467
List the prime factors of 76026649.
383, 198503
List the prime factors of 67817024.
2, 11, 96331
What are the prime factors of 67453152?
2, 3, 13, 54049
List the prime factors of 3225801078.
2, 3, 71, 139, 6053
List the prime factors of 32097575.
5, 1283903
What are the prime factors of 2838175301?
13, 241, 905897
What are the prime factors of 108581112?
2, 3, 293, 5147
What are the prime factors of 15056242?
2, 7528121
What are the prime factors of 173117066?
2, 29, 2984777
List the prime factors of 3276199596.
2, 3, 273016633
What are the prime factors of 277331937?
3, 3343, 27653
List the prime factors of 42200788.
2, 7, 1507171
What are the prime factors of 40655093?
3581, 11353
What are the prime factors of 1128131438?
2, 7, 61, 617, 2141
What are the prime factors of 6335969797?
107, 607, 97553
What are the prime factors of 441124621?
7, 431, 146213
What are the prime factors of 46794531?
3, 7, 31, 71881
What are the prime factors of 342409943?
83, 4125421
What are the prime factors of 2335070597?
2335070597
What are the prime factors of 340292170?
2, 5, 34029217
List the prime factors of 5533399637.
173, 31984969
List the prime factors of 1379459490.
2, 3, 5, 61, 753803
What are the prime factors of 1537351504?
2, 13, 31, 238423
What are the prime factors of 319444006?
2, 7, 107, 213247
List the prime factors of 33514462.
2, 16757231
What are the prime factors of 810679543?
29, 31, 109, 8273
What are the prime factors of 164708321?
19, 1303, 6653
List the prime factors of 1002003482.
2, 9173, 54617
What are the prime factors of 1092198082?
2, 17, 419, 76667
What are the prime factors of 1189804602?
2, 3, 7, 17, 1666393
List the prime factors of 337334683.
7, 19, 59, 42989
List the prime factors of 21987079.
21987079
List the prime factors of 122127148.
2, 11, 13, 23, 9283
List the prime factors of 43737834.
2, 3, 7, 383, 2719
What are the prime factors of 2587153985?
5, 13, 39802369
List the prime factors of 569042742.
2, 3, 19, 463, 10781
List the prime factors of 336573487.
4547, 74021
What are the prime factors of 2296322071?
2296322071
What are the prime factors of 570244?
2, 37, 3853
What are the prime factors of 3483644276?
2, 7, 37, 3362591
What are the prime factors of 15434007?
3, 5144669
List the prime factors of 729613872.
2, 3, 13, 129917
What are the prime factors of 81612333?
3, 11, 109, 2521
What are the prime factors of 803606741?
7, 61, 1881983
What are the prime factors of 2200147792?
2, 97, 1093, 1297
What are the prime factors of 186429127?
307, 607261
What are the prime factors of 52606403?
41, 1283083
List the prime factors of 1373823903.
3, 2083, 219847
What are the prime factors of 464712220?
2, 5, 7, 137, 24229
What are the prime factors of 1703297593?
97, 17559769
List the prime factors of 45053386.
2, 7, 1523, 2113
What are the prime factors of 9859853?
199, 49547
What are the prime factors of 2257830190?
2, 5, 7, 11, 23, 241
List the prime factors of 39322820.
2, 5, 53, 37097
What are the prime factors of 499339098?
2, 3, 27741061
List the prime factors of 1176732.
2, 3, 32687
What are the prime factors of 300137181?
3, 173, 578299
List the prime factors of 398386969.
83, 4799843
What are the prime factors of 3485003084?
2, 3433, 253787
What are the prime factors of 1197304656?
2, 3, 389, 64123
List the prime factors of 205165734.
2, 3, 34194289
List the prime factors of 2677093.
2677093
What are the prime factors of 67403143?
1697, 39719
What are the prime factors of 255825539?
255825539
What are the prime factors of 2635173879?
3, 13, 31, 157, 13883
What are the prime factors of 3547807261?
6863, 516947
List the prime factors of 149264106.
2, 3, 977, 25463
What are the prime factors of 4190285380?
2, 5, 1279, 163811
List the prime factors of 7561064.
2, 7, 135019
List the prime factors of 113670108.
2, 3, 59, 17839
List the prime factors of 103557408.
2, 3, 23, 46901
List the prime factors of 65293549.
17, 1451, 2647
List the prime factors of 45915548.
2, 7, 317, 739
What are the prime factors of 1714317386?
2, 47, 18237419
What are the prime factors of 58488789?
3, 17, 67, 17117
What are the prime factors of 43006971?
3, 7, 29, 70619
List the prime factors of 212062994.
2, 11, 13, 741479
What are the prime factors of 3122868145?
5, 191, 977, 3347
List the prime factors of 41786943.
3, 11, 1266271
What are the prime factors of 4269445310?
2, 5, 13, 2526299
What are the prime factors of 179393243?
179393243
List the prime factors of 27845495.
5, 5569099
What are the prime factors of 1100539989?
3, 359, 340619
What are the prime factors of 239955017?
17, 14115001
List the prime factors of 410156699.
410156699
List the prime factors of 145050122.
2, 7, 379, 27337
List the prime factors of 5915570231.
67, 257, 503, 683
List the prime factors of 90182900.
2, 5, 101, 8929
List the prime factors of 87537426.
2, 3, 829, 17599
What are the prime factors of 6291410?
2, 5, 89, 7069
List the prime factors of 162316550.
2, 5, 11, 421, 701
What are the prime factors of 79428787?
79428787
List the prime factors of 23713670.
2, 5, 37, 64091
List the prime factors of 740509849.
740509849
List the prime factors of 339158570.
2, 5, 137, 281, 881
What are the prime factors of 183682454?
2, 73, 1258099
What are the prime factors of 561709714?
2, 293, 958549
List the prime factors of 228853793.
7, 163, 200573
What are the prime factors of 1457214045?
3, 5, 7, 13878229
List the prime factors of 3555348953.
13, 103, 739, 3593
What are the prime factors of 123545128?
2, 7, 2206163
What are the prime factors of 2037897120?
2, 3, 5, 7, 761, 797
List the prime factors of 1615678536.
2, 3, 67319939
What are the prime factors of 708177947?
467, 1516441
What are the prime factors of 1949704240?
2, 5, 11, 2215573
List the prime factors of 90604311.
3, 7, 43, 269, 373
What are the prime factors of 19194353?
71, 270343
List the prime factors of 1809212676.
2, 3, 29, 5198887
List the prime factors of 97190709.
3, 7, 11, 23, 1663
List the prime factors of 5249403114.
2, 3, 23, 38039153
List the prime factors of 1120676941.
17, 65922173
List the prime factors of 637309109.
83, 97, 79159
What are the prime factors of 58506393?
3, 11, 31, 57191
What are the prime factors of 68867618?
2, 41, 79, 10631
What are the prim